15*3. Let t(u) = u**3 - 9*u**2 + 19*u + 12. Let o be t(g). What is j(o)?
16
Let r(u) = -1 - 4 - 10*u**2 + 4. Let z(v) = v**3 - 201*v**2 - 177*v - 5049. Let l be z(202). Calculate r(l).
-11
Let c = 39781 - 39787. Let b(j) = 2*j**3 + 8*j**2 - j - 5. Calculate b(c).
-143
Suppose -228 = 12*j - 0*j. Let f be j - -15 - (-4)/(-1). Let k(t) = t**3 + 8*t**2 + 1. Calculate k(f).
1
Let g = 662 - 607. Suppose 4*w + 26 = -2*q, -12*q + 15*q = 2*w - g. Let u(i) = -i**3 - 18*i**2 - 18*i - 13. Give u(q).
4
Let l(k) = -2*k**3 - 9*k. Let t(a) = 2*a**2 + 4*a - 1. Let s(p) = l(p) + 4*t(p). Determine s(5).
-19
Let f(d) be the second derivative of 0 + 0*d**3 - 1/12*d**4 + 19/2*d**2 - 1/60*d**5 - 9*d. Let y(l) be the first derivative of f(l). Determine y(-3).
-3
Let c(z) = -4*z**3 - 3*z**2 - 9*z + 3. Let s(p) = -3*p**3 - 4*p**2 - 9*p + 3. Let y(k) = -2*c(k) + 3*s(k). Let o = -303 - -299. Calculate y(o).
7
Let a be 4/(-3)*6/(-4). Let h(n) be the first derivative of 3*n**4/4 + n**3/3 + 2*n + 5169. Calculate h(a).
30
Let w(y) = -y**3 - y**2 - 3*y - 3. Let a be w(-2). Suppose 158*j = 162*j - 12. Let q(v) = -6*v - 6*v**2 - 2 - 134*v**j - 144*v**3 + 279*v**3. Give q(a).
5
Let m be (-9)/(-3)*(-14)/(-6). Let r(z) = -28 + 7*z - z**3 + 7 + 10 + m*z**2 + 12. Calculate r(8).
-7
Let i(t) be the second derivative of t**5/20 + t**4/12 - t**2 + 7734*t. Suppose 0 = 5*d - 3*d. Calculate i(d).
-2
Let c = 146 - 118. Let n be (-2)/3*126/c. Let w(h) = 3*h + 2. What is w(n)?
-7
Let i(b) be the first derivative of b**4/4 + 4*b**3 + b**2 + 34*b - 65. What is i(-12)?
10
Let v(j) = j + 27. Let m be ((-2)/(-3))/(32/(-720))*(9 - 7). Calculate v(m).
-3
Let h(r) = 104 + 741*r**2 + 5*r - 737*r**2 - 13*r - 5*r**3 - 101. Determine h(3).
-120
Let q(w) = -229*w - 49 + 5*w**3 - 4*w**3 - 33*w**2 + 196*w. Determine q(34).
-15
Let x(v) = -3*v**2 + v - 1. Let t(m) = 4*m**2 - 2*m + 2. Let z be 14/6 - (-1)/(-3). Let s be z*(-2)/4 - (-3)/1. Let i(o) = s*t(o) + 3*x(o). Give i(1).
-1
Let q(c) = c**2 + 2*c + 19. Let a be q(0). Suppose 21*p - a = 2. Let j(t) = -16*t. Give j(p).
-16
Let d(l) = -23 + l**2 - 117*l + 108*l + 0*l. Determine d(9).
-23
Let z(h) = h**3 + 13*h**2 + 41*h - 5. Let k be z(-7). Let y(l) = -15*l + 2. Let g(b) = -3 + 26*b - 9*b + 6*b. Let c(v) = 5*g(v) + 8*y(v). Determine c(k).
-9
Let q(o) = o**3 - 5*o**2 - 13*o - 11. Let u(p) = -p**3 + 60*p**2 + 540*p + 279. Let f be u(68). Give q(f).
-4
Let p(u) = 20*u**3 + 4*u**2 + 2*u - 1. Let c(j) = -77*j - 463. Let a be c(-6). What is p(a)?
-19
Let w(f) be the third derivative of -61*f**4/8 - 365*f**3/2 - 764*f**2 - 2*f. Calculate w(-6).
3
Suppose -15 + 12 = -s. Let o(c) = -5*c + 63. Let h(p) = 2*p - 22. Let f(j) = s*o(j) + 8*h(j). Determine f(-10).
3
Let q(v) be the third derivative of -v**5/20 + 7*v**4/24 + 3*v**3 + 339*v**2. What is q(-2)?
-8
Let s(b) = 2*b + 2*b - b + 6. Let r be (-3 - -4)*1*5. Suppose 5*i - 3*z = -32, -i - 8 = 4*z - r*z. Give s(i).
-6
Let g = -6 + 5. Suppose 3*h - 2*c - 2*c = 3, 0 = 2*h + 5*c - 2. Let l(y) = -91*y + y**3 + 93*y - 9*y**3 + h. Determine l(g).
7
Suppose -2*u + f + 4 = 0, 2*u + 0 - 4 = -2*f. Let r(z) = 12*z - 45. Let m(l) = 4*l - 23. Let g(p) = 2*m(p) - r(p). Give g(u).
-9
Let z(x) = -40*x - 38*x - 42*x + 125*x + 19. Determine z(-9).
-26
Let x(s) = -76*s + 48. Let d(t) = -16*t + 9. Let f(o) = 5*d(o) - x(o). Let p be (-1)/2 + (-26)/4. Determine f(p).
25
Let j(i) = -7*i. Suppose 4*r - 19 = 21. Suppose -7*p = -r*p - 42. Let w = -15 - p. Calculate j(w).
7
Let p(l) = 12*l**2 + 11*l**2 - 22*l**2 + 18*l + 30. Suppose -b - 4*f - 7 + 3 = 0, 0 = -2*b + f - 35. Determine p(b).
-2
Suppose 71*b - 776 = 1221 + 1695. Let z(c) = -c**3 + 54*c**2 - 101*c - 151. Determine z(b).
5
Let v(i) = i**2 - i + 1. Suppose -3*j = 3*w + 2*w - 182, -3*w + 114 = -3*j. Suppose -w*n = -32*n - 10. Give v(n).
3
Let b(a) = -a**3 - 6*a**2 + 5*a + 2. Suppose 2*y - 37*x + 6 = -33*x, 41 = -5*y - 3*x. What is b(y)?
16
Let s(n) = n**2 + 5*n. Let i = -53 + 53. Suppose i = -2*d - b - 9, b - 12 = -3*b. Determine s(d).
6
Let g(k) = 5. Let o(h) = 4*h - 51. Let d(x) = 5*g(x) + o(x). What is d(5)?
-6
Let q(b) be the third derivative of -b**6/30 - 7*b**5/30 + b**4/12 + b**2 - 119. Let i(k) = 7*k**3 + 26*k**2 - 6*k. Let w(g) = -3*i(g) - 5*q(g). What is w(-9)?
9
Suppose 0 = -4*u + 14*u - 3150. Let n = u - 310. Let k(a) = a**2 - 5*a + 7. Determine k(n).
7
Let r = 972 + -949. Let m(u) = -14*u - 24*u + 2 - r*u - 30*u + 86*u. Let q be (0 - 1) + 1/(-1). What is m(q)?
12
Let p(i) be the third derivative of i**5/60 + 29*i**4/24 + 61*i**3/2 - 131*i**2 + 2. Determine p(-19).
-7
Let i be 6*((-1)/(-2) - -1). Suppose -12 = 5*p - i*p. Let b(v) = 1 - 221*v**p + 222*v**3 - 1 + v. Calculate b(0).
0
Let a(m) = 38 - 1706*m - m**2 + 0*m**2 + 866*m + 862*m. What is a(24)?
-10
Let d(w) = w**2 + 40*w + 396. Let j be d(-23). Let o(u) = -23*u + 121. What is o(j)?
6
Let i(d) = 3*d + 40. Suppose 0 = 5*b - 4*n + 61, 3*b + 120*n + 19 = 118*n. Calculate i(b).
13
Let n = -63 - -62. Let q(s) = 5*s**2 - 3*s - 3. Let z(m) = -m - 17. Let h be z(-19). Let p(d) = -4*d**2 + 2*d + 2. Let w(y) = h*q(y) + 3*p(y). Give w(n).
-2
Let i(r) = -r**2 + 4*r + 185. Suppose 64 = 4*o - 8*o + 2*s, -5*s + 4 = 3*o. Determine i(o).
-7
Let k(q) be the third derivative of -q**4/12 - 5*q**3/2 + 52*q**2. Let l(s) = s + 8. Let g(x) = 3*k(x) + 5*l(x). Give g(-5).
0
Let l be (-1)/(-4*8/16736). Let p = l - 521. Let u(w) = -6*w**2 + 2*w - 1. Give u(p).
-21
Suppose 2*d = 3*c - 2*d + 35, 5*c - 2*d = -35. Let u(o) = 25*o - 207. Let a(m) = -8*m + 65. Let q(s) = -19*a(s) - 6*u(s). Calculate q(c).
-3
Let x(y) = -101*y - 26. Let i(z) = -168*z - 52. Let f(h) = 3*i(h) - 5*x(h). Give f(-6).
-32
Let n be -1 - (57/(-6))/((-2)/(-20)). Suppose 14*v - n = 228. Let d(l) = 17*l**2 + v*l**2 + l - 41*l**2 + 3 + 3*l. Determine d(5).
-2
Suppose -23*l + 342 = 15*l + 19*l. Let d(i) = -i**3 + 5*i**2 + 6*i - 19. Determine d(l).
-19
Let y = -80 - -85. Suppose -y*k = -70 - 195. Suppose k*f = 57*f. Let m(p) = -p**3 + p**2 - p - 4. Calculate m(f).
-4
Let i = -6767 - -6770. Let c(u) = 11*u. What is c(i)?
33
Let c = -635 - -632. Let g(s) = 5*s**3 + 13*s**2. Let b(l) = -8*l**3 - 25*l**2 - 1. Let z(j) = c*b(j) - 5*g(j). Give z(10).
3
Let z = -7121 + 7104. Let x(y) = y**3 + 17*y**2 + 3*y + 43. Give x(z).
-8
Let o(q) be the first derivative of -23*q + 89 - 1/3*q**3 - 1/2*q**2. Give o(0).
-23
Let i(g) = 7*g**3. Let b = -55 + 56. Suppose 0*n = n + b, 4*l = -2*n + 38. Suppose 0 = l*p - 6 - 4. Determine i(p).
7
Let l = 17 - 12. Let k(t) be the first derivative of t**3/3 - 3*t**2 + 6*t + 13533. Calculate k(l).
1
Let z(w) = -2*w. Let q(x) = -7*x - 207. Let u be q(-30). Let f be (-414)/(-22) + 8/44. Suppose 7 = u*h + f. Calculate z(h).
8
Let o(x) be the third derivative of -x**2 - x**3 + 0 - 1/12*x**4 + 0*x - 1/30*x**5. What is o(-4)?
-30
Let x(y) = 45*y**3 - 7*y**2 - 5*y + 2 + 3*y + 2*y**2 + 5*y**2. Calculate x(1).
45
Let l be (-9 - 3363/(-12)) + (-1)/4. Let p = l - 271. Let i(n) = n**3 - n**2 + n - 5. Calculate i(p).
-5
Suppose 3*b + 15 = -3*m, -27*b + 17 = -32*b - m. Let p(v) = -v**3 - 5*v**2 + 11. Determine p(b).
-7
Let l(q) be the first derivative of q**4/4 - 2*q**3 + 2*q**2 + q - 2. Let j(x) = -x**2 + 39*x - 373. Let p be j(21). Give l(p).
-4
Suppose 4*a = 3*d + 13, 5*d - 153 + 168 = 0. Let q(x) = -49*x. Give q(a).
-49
Suppose 0 = -0*u + u + 4. Let n(r) = 75*r - 165. Let k(a) = 33*a - 74. Let f(c) = 9*k(c) - 4*n(c). What is f(u)?
6
Let b = -1986 - -1976. Let i(x) = -x**3 - 9*x**2 + 12*x. Calculate i(b).
-20
Let i(s) = 29*s + 143. Let a = -14450 - -14445. Determine i(a).
-2
Let u be (0 - 1 - -2)*4/2. Let n(b) = -7*b + 10*b**2 - 10 + b**2 - 20*b**2 + 8*b**u. Give n(-7).
-10
Let a(o) be the first derivative of 7*o**2/2 + 5*o - 63. Let s(b) = -3*b - 1. Let t(x) = a(x) + 4*s(x). Determine t(2).
-9
Let u(t) = -2*t - 1. Let z(w) = -34*w - 452. Let x(n) = -17*n - 225. Let j(y) = 7*x(y) - 4*z(y). Let d be j(-14). Calculate u(d).
9
Suppose 89 - 14 = 25*w. Suppose 4*p - 42 = w*r, -r - 2*p - 4 = -0*p. Let c(z) = -z - 24. Determine c(r).
-14
Let o(g) = -g - 1. Let j(t) = 6*t + 3. Let b(r) = j(r) + 5*o(r). Let h(w) = -w**3 + 26*w**2 - 2*w + 22. Let d be h(26). Let x = -24 - d. Give b(x).
4
Let i be (-170)/255 + (8/(-60))/(1/(-5)). Let r(u) = -6*u + 2. What is r(i)?
2
Let a(f) = -3*